{"id":864,"date":"2020-05-11T10:44:47","date_gmt":"2020-05-11T10:44:47","guid":{"rendered":"http:\/\/www.dominikafalger.com\/cms\/?page_id=864"},"modified":"2025-09-14T15:34:58","modified_gmt":"2025-09-14T15:34:58","slug":"biography","status":"publish","type":"page","link":"https:\/\/www.dominikafalger.com\/cms\/en\/biography\/","title":{"rendered":"Biography"},"content":{"rendered":"<p>[vc_row css_animation=&#8221;&#8221; row_type=&#8221;row&#8221; use_row_as_full_screen_section=&#8221;no&#8221; type=&#8221;full_width&#8221; angled_section=&#8221;no&#8221; text_align=&#8221;left&#8221; background_image_as_pattern=&#8221;without_pattern&#8221;][vc_column width=&#8221;1\/6&#8243;][\/vc_column][vc_column width=&#8221;2\/3&#8243;][vc_column_text]<\/p>\n<h2>Biography<\/h2>\n<p>[\/vc_column_text][vc_separator type=&#8221;transparent&#8221; down=&#8221;20&#8243;][vc_column_text]<\/p>\n<p data-start=\"102\" data-end=\"598\">Dominika Falger was born in Krak\u00f3w and began violin studies at the age of four with her father. She graduated with distinction from the Academy of Music in Pozna\u0144 under Prof. J. Kaliszewska and Prof. M. Baranowski, and from the Universities of Vienna and Graz (Prof. E. Z. Zienkowski, Y. Kless, J. Pospichal). In addition, she studied early music with Prof. I. Rainer and Prof. H. Kurosaki. From 1997 to 2005 she served as assistant to Prof. Y. Kless at the University of Music and Performing Arts in Graz.<\/p>\n<p data-start=\"600\" data-end=\"1073\">She is the winner of the First Prize at the National Zdzis\u0142aw Jahnke Violin Competition in Pozna\u0144 and at the International Chamber Music Competition in \u0141\u00f3d\u017a, as well as a laureate of numerous other national and international violin competitions, including Pablo de Sarasate in Pamplona\/Spain, Rodolfo Lipizer in Gorizia\/Italy, Johannes Brahms in P\u00f6rtschach\/Austria, Henryk Wieniawski and Karol Lipi\u0144ski in Lublin, Karol Szymanowski in \u0141\u00f3d\u017a, and Tadeusz Wro\u0144ski in Warsaw.<\/p>\n<p data-start=\"1075\" data-end=\"1750\">She has performed in nearly all European countries, in the USA, as well as in the Middle and Far East. As a soloist she has collaborated with many orchestras in Poland, across Europe, South Korea and the USA. Her discography includes recordings of violin concertos by P. Tchaikovsky, K. Lipi\u0144ski, as well as the complete works for violin and orchestra by W. A. Mozart (Dux). She is co-founder of the Gli\u00e8re Quartet, with which she performs throughout Europe and at renowned music festivals. The ensemble collaborates with DUX Recording Producers and has released highly acclaimed recordings of quartets by R. Gli\u00e8re, J. Wieniawski, A. Bruckner, F. Mendelssohn and M. Ravel.<\/p>\n<p data-start=\"1752\" data-end=\"2117\">Dominika Falger is Professor at the Music and Arts University of the City of Vienna and also teaches at the University of Music and Performing Arts in Graz. She serves on juries of international violin competitions and gives masterclasses in Italy, Austria, Poland and Slovakia. Since 1999 she has been Principal of the Second Violins with the Wiener Symphoniker.<\/p>\n<p>[\/vc_column_text][vc_column_text]&nbsp;<\/p>\n<p><a href=\"http:\/\/www.dominikafalger.com\/cms\/wp-content\/uploads\/2020\/05\/lebenslauf_2020_EN.pdf\">\u00bb Download biography (.pdf)<\/a><\/p>\n<p>&nbsp;<\/p>\n<p>&nbsp;[\/vc_column_text][vc_separator type=&#8221;transparent&#8221; down=&#8221;30&#8243;][\/vc_column][vc_column width=&#8221;1\/6&#8243;][\/vc_column][\/vc_row]<\/p>\n","protected":false},"excerpt":{"rendered":"<p>[vc_row css_animation=&#8221;&#8221; row_type=&#8221;row&#8221; use_row_as_full_screen_section=&#8221;no&#8221; type=&#8221;full_width&#8221; angled_section=&#8221;no&#8221; text_align=&#8221;left&#8221; background_image_as_pattern=&#8221;without_pattern&#8221;][vc_column width=&#8221;1\/6&#8243;][\/vc_column][vc_column width=&#8221;2\/3&#8243;][vc_column_text] Biography [\/vc_column_text][vc_separator type=&#8221;transparent&#8221; down=&#8221;20&#8243;][vc_column_text] Dominika Falger was born in Krak\u00f3w and began violin studies at the age of four with her father. She graduated with distinction from the Academy of Music in Pozna\u0144 under Prof&#8230;.<\/p>\n","protected":false},"author":2,"featured_media":0,"parent":0,"menu_order":1,"comment_status":"open","ping_status":"open","template":"","meta":{"ngg_post_thumbnail":0,"footnotes":""},"_links":{"self":[{"href":"https:\/\/www.dominikafalger.com\/cms\/wp-json\/wp\/v2\/pages\/864"}],"collection":[{"href":"https:\/\/www.dominikafalger.com\/cms\/wp-json\/wp\/v2\/pages"}],"about":[{"href":"https:\/\/www.dominikafalger.com\/cms\/wp-json\/wp\/v2\/types\/page"}],"author":[{"embeddable":true,"href":"https:\/\/www.dominikafalger.com\/cms\/wp-json\/wp\/v2\/users\/2"}],"replies":[{"embeddable":true,"href":"https:\/\/www.dominikafalger.com\/cms\/wp-json\/wp\/v2\/comments?post=864"}],"version-history":[{"count":7,"href":"https:\/\/www.dominikafalger.com\/cms\/wp-json\/wp\/v2\/pages\/864\/revisions"}],"predecessor-version":[{"id":1091,"href":"https:\/\/www.dominikafalger.com\/cms\/wp-json\/wp\/v2\/pages\/864\/revisions\/1091"}],"wp:attachment":[{"href":"https:\/\/www.dominikafalger.com\/cms\/wp-json\/wp\/v2\/media?parent=864"}],"curies":[{"name":"wp","href":"https:\/\/api.w.org\/{rel}","templated":true}]}}